(1)?
-16
Let i(g) = -2*g. Determine i(-6).
12
Let i(a) = 15*a**3 + 3*a**2 - 2*a - 4. Give i(-1).
-14
Let x(l) = -5*l + 63. What is x(20)?
-37
Let f(g) = -9*g - 147. Determine f(0).
-147
Let n(b) = 5*b + 96. Determine n(-19).
1
Let h(j) = j**2 - 41*j - 91. What is h(-2)?
-5
Let o(t) = t**2 - 8*t + 2. Calculate o(3).
-13
Let v(x) = 2*x + 42. Determine v(-21).
0
Let q(u) = -u**3 + 9*u**2 - 17*u + 5. What is q(7)?
-16
Let r(t) = -2*t**2 - 11*t - 3. What is r(3)?
-54
Let k(a) = 8*a**3 - a + 2. Give k(1).
9
Let w(b) = -4*b**2 - 64*b + 63. Determine w(1).
-5
Let b(y) = -2*y**2 + 5*y + 4. What is b(4)?
-8
Let s(q) = 23*q + 34. What is s(-4)?
-58
Let f(p) = 14*p**2 + 2*p - 5. Calculate f(1).
11
Let m(i) = 15*i + 9. Calculate m(-2).
-21
Let x(d) = -d**3 - 4*d**2 - 6*d - 3. Calculate x(-2).
1
Let c(x) = -2*x - 2. Give c(13).
-28
Let i(y) = 3*y + 7. Give i(7).
28
Let d(q) = q**3 - 44*q**2 + 82*q + 76. Calculate d(42).
-8
Let r(i) = 2*i - 23. Determine r(14).
5
Let d(i) = -2*i**2 + 24. Calculate d(0).
24
Let l(k) = -k**3 - 20*k**2 - 22*k + 3. Give l(-19).
60
Let c(q) = -5*q - 62. Determine c(-5).
-37
Let q(u) = -u - 2. Calculate q(3).
-5
Let j(w) = -2*w**2 + 28*w + 25. Determine j(16).
-39
Let f(v) = -v**2 - 3*v + 1. Determine f(-3).
1
Let j(d) = -d**3 - d**2 + 2*d + 55. Determine j(0).
55
Let h(s) = -s**2 - 9*s + 26. What is h(-11)?
4
Let h(d) = 2*d**2 - 7*d + 9. Calculate h(4).
13
Let i(m) = m**3 - 9*m**2 - 22*m - 8. Determine i(11).
-8
Let h(z) = z**3 - 7*z**2 - 18*z - 1. Determine h(9).
-1
Let q(z) = 2*z**2 + 61*z - 88. Determine q(-32).
8
Let k(q) = q**3 + 5*q**2. Give k(-5).
0
Let a(g) = 4*g**2 - 6*g - 3. Calculate a(-2).
25
Let a(c) = 11*c - 67. Calculate a(5).
-12
Let t(s) = -16*s + 223. What is t(14)?
-1
Let z(f) = -f**3 - 6*f**2 - f + 3. Calculate z(-5).
-17
Let n(p) = 5*p - 39. What is n(4)?
-19
Let v(a) = a**3 + 12*a**2 + 13*a + 16. Determine v(-11).
-6
Let u(a) = 8*a + 24. What is u(-7)?
-32
Let i(h) = 3*h**2 - 42*h - 5. What is i(14)?
-5
Let x(j) = -4*j**3 - 22*j**2 + 9*j + 4. Give x(-6).
22
Let o(a) = -a**2 - 6*a - 4. What is o(-4)?
4
Let n(x) = -5*x**2 - 16*x + 6. Give n(-6).
-78
Let q(v) = -v**3 - 3*v**2 + 35*v - 44. Determine q(-8).
-4
Let g(z) = -5*z + 97. Determine g(18).
7
Let t(s) = -s + 5. Calculate t(8).
-3
Let s(h) = h + 2. Calculate s(1).
3
Let t(m) = m**3 + 10*m**2 + 5*m + 10. Give t(-6).
124
Let p(s) = s**3 + 8*s**2 + 6*s + 2. Determine p(-5).
47
Let h(q) = 175*q - 1588. Calculate h(9).
-13
Let v(n) = 4*n + 86. Give v(-20).
6
Let j(a) = -a - 8. Give j(-6).
-2
Let p(u) = -u**3 + 18*u**2 + 19*u + 4. Give p(19).
4
Let a(c) = -8*c + 156. Give a(19).
4
Let s(x) = 8*x**2 - 2*x - 5. What is s(-1)?
5
Let t(l) = l**2 - 6*l + 9. What is t(10)?
49
Let q(u) = u**3 - 21*u**2 - 47*u - 28. Give q(23).
-51
Let t(y) = y**2 + 6*y - 12. Determine t(-12).
60
Let g(z) = -z**3 + 6*z**2 - 8. What is g(6)?
-8
Let h(g) = g + 35. Give h(-14).
21
Let z(r) = 2*r**2 - 31*r + 41. Calculate z(14).
-1
Let r(n) = n**3 + 7*n**2 + 4*n + 11. What is r(-5)?
41
Let t(l) = -2*l - 19. What is t(-5)?
-9
Let t(d) = -6*d**2 - 10*d - 2. Determine t(-1).
2
Let r(k) = 10*k**3 + k**2 - 2*k. Determine r(-2).
-72
Let h(i) = 2*i**2 - 51*i + 185. Determine h(21).
-4
Let q(o) = -o - 9. Give q(8).
-17
Let h(r) = -r**3 + 2*r**2 - 2*r + 1. What is h(2)?
-3
Let h(j) = -j**2 - 5*j + 13. Determine h(-14).
-113
Let l(t) = t**3 + 11*t**2 + 11*t + 11. Give l(-10).
1
Let j(u) = -8*u + 39. What is j(6)?
-9
Let r(u) = 2*u**3 + 7*u**2 - 6*u - 6. Calculate r(-4).
2
Let q(u) = 15*u**2 - 135*u - 9. Determine q(9).
-9
Let y(l) = -l**2 - l + 9. What is y(4)?
-11
Let k(y) = -9*y + 59. Determine k(6).
5
Let m(k) = 12*k - 8. What is m(-4)?
-56
Let t(p) = 3*p**3 + 12*p**2 + 9. Calculate t(-4).
9
Let t(j) = -j**2 + 18*j + 47. Determine t(20).
7
Let o(a) = -14*a**2 + 9*a - 2. Calculate o(4).
-190
Let h(q) = 2*q**3 + q**2 + q + 1. Give h(-2).
-13
Let r(l) = -l**3 + 26*l**2 + 53*l + 42. Determine r(28).
-42
Let w(x) = 6*x - 18. What is w(6)?
18
Let i(y) = -y**2 - 22*y - 60. Give i(-4).
12
Let a(s) = s**3 + 16*s**2 + 15*s - 3. Give a(-15).
-3
Let y(q) = -q**3 - 11*q**2 - 5*q - 16. Calculate y(-11).
39
Let r(m) = m**3 + 8*m**2 - 8*m + 6. What is r(-9)?
-3
Let s(n) = 3*n - 3. Calculate s(-5).
-18
Let y(i) = i + 2. Give y(-4).
-2
Let m(n) = -n**3 - 3*n**2 + n - 4. Give m(-5).
41
Let d(m) = -m**3 + 8*m**2 - 38*m + 128. What is d(5)?
13
Let c(q) = 4*q + 3. Calculate c(-2).
-5
Let d(n) = 2*n**2 + 35*n - 32. Give d(-16).
-80
Let c(b) = b**2 - 6*b - 12. What is c(-2)?
4
Let t(f) = f**2 + 47*f + 98. What is t(-45)?
8
Let m(r) = 8*r**3 - r + 1. What is m(-1)?
-6
Let s(p) = p**3 - 5*p**2 + 13. Calculate s(6).
49
Let r(j) = 14*j**3 + 2*j**2 + 4*j. Calculate r(-2).
-112
Let f(t) = t - 33. Determine f(0).
-33
Let w(o) = 8*o - 52. Give w(8).
12
Let l(g) = 3*g**2 - 37*g + 37. Determine l(11).
-7
Let u(l) = l - 28. What is u(20)?
-8
Let q(m) = 4*m**2 + 3*m - 4. What is q(4)?
72
Let t(i) = -i**2 - 3*i + 16. Give t(3).
-2
Let w(r) = 68*r + 114. Determine w(-2).
-22
Let d(c) = -c**2 + 10*c + 10. Calculate d(12).
-14
Let i(f) = -2*f**2 + 33*f - 35. What is i(18)?
-89
Let c(g) = g**2 - 5*g - 5. What is c(6)?
1
Let c(s) = s**2 + 5*s + 15. Determine c(-3).
9
Let k(d) = -27*d + 33. Calculate k(7).
-156
Let i(l) = -l**3 - 5*l**2 + 4*l. What is i(-6)?
12
Let u(g) = g + 6. What is u(-9)?
-3
Let d(k) = -k - 53. What is d(-27)?
-26
Let g(p) = -2*p**2 + 18*p - 3. Determine g(9).
-3
Let t(c) = c**3 + 9*c**2 + 10*c - 9. Calculate t(-7).
19
Let g(i) = -i**3 + 5*i**2 + 5*i - 16. Give g(5).
9
Let w(r) = 2*r - 4. Give w(-4).
-12
Let l(k) = -k**2 + 23*k - 17. Determine l(22).
5
Let h(l) = 6*l - 20. Give h(6).
16
Let o(s) = s**3 - 3*s**2 + 6*s - 1. Calculate o(2).
7
Let l(b) = 40*b + 269. What is l(-7)?
-11
Let w(t) = t**2 - t - 21. Give w(0).
-21
Let g(z) = -z**3 + 17*z**2 - 28*z - 30. What is g(15)?
0
Let v(k) = k**2 + 11*k + 19. What is v(-8)?
-5
Let b(a) = 2*a**3 - 2*a**2 - a + 3. Determine b(2).
9
Let f(u) = -u**2 - 19*u - 36. What is f(-18)?
-18
Let g(k) = -k**3 - 4*k**2 + 3*k - 28. Determine g(-6).
26
Let k(d) = 2*d - 20. Determine k(9).
-2
Let l(b) = b**2 + 8*b + 12. What is l(-6)?
0
Let v(q) = -q**3 - 106*q**2 - 104*q + 110. Calculate v(-105).
5
Let l(w) = -6*w**2 - 90*w + 3. Give l(-15).
3
Let s(u) = 2*u**3 - u**2 - u - 1. Determine s(2).
9
Let n(o) = o**3 + 3*o - 2. What is n(0)?
-2
Let u(l) = 6*l + 5. Calculate u(4).
29
Let v(i) = -18*i**2 + 4*i + 4. Determine v(-1).
-18
Let o(a) = -8*a - 274. Calculate o(-31).
-26
Let h(k) = -20*k**2. Determine h(1).
-20
Let c(b) = -b**3 + 5*b**2 - 3*b + 2. Give c(5).
-13
Let h(q) = q**3 + 17*q**2 + 7*q + 23. Calculate h(-17).
-96
Let u(n) = 6*n + 4. Calculate u(4).
28
Let r(l) = -13*l**2 - l + 4. What is r(-3)?
-110
Let g(j) = j**3 - 6*j**2 - 2*j - 3. Give g(6).
-15
Let t(h) = h**3 + 7*h**2 - 4*h - 4. Calculate t(-7).
24
Let y(s) = -26*s**2 - s - 2. Calculate y(-1).
-27
Let o(x) = -x**3 + x - 6. Give o(0).
-6
Let i(j) = 14*j - 463. Give i(33).
-1
Let u(b) = -2*b**2 - 2*b - 7. Give u(2).
-19
Let l(n) = n**2 + 16. Give l(0).
16
Let a(z) = -22*z - 24. Calculate a(-6).
108
Let g(n) = 4*n**2 + 6*n + 9. Calculate g(-6).
117
Let p(r) = 12*r - 2. Calculate p(3).
34
Let f(p) = -10*p + 745. Determine f(75).
-5
Let g(t) = -15*t**3 + t**2. Calculate g(-1).
16
Let x(g) = -g**3 - 3*g**2 - g + 2. What is x(-3)?
5
Let z(c) = 4*c**2 - 13*c + 11. Determine z(5).
46
Let h(s) = 14*s + 429. Determine h(-31).
-5
Let h(l) = 65*l - 647. Give h(10).
3
Let t(z) = 10*z + 1. Determine t(1).
11
Let v(u) = -u**3 + 2*u**2 + u + 1. Determine v(4).
-27
Let f(x) = -x**3 - 3*x**2 + 25*x - 9. What is f(-7)?
12
Let l(d) = -6*d + 8. Give l(6).
-28
Let h(z) = z**3 - 11*z**2 - 13*z + 15. Determine h(12).
3
Let g(k) = 14*k - 214. What is g(15)?
-4
Let y(v) = 12*v - 4. What is y(1)?
8
Let j(v) = -v**2 + v + 13. What is j(-6)?
-29
Let g(k) = -k + 59. Give g(0).
59
Let m(c) = 20*c - 96. Calculate m(6).
24
Let m(s) = 5*s + 2. Determine m(7).
37
Let z(w) = -w**3 + 6*w**2 + 9*w - 8. What is z(5)?
62
Let m(l) = l**3 - 11*l**2 + 13*l - 6. Determine m(10).
24
Let c(b) = b**2 - 11*b - 10. Determine c(11).
-10
Let l(t) = -t - 8. Calculate l(-9).
1
Let b(w) = 58*w**3 + w**2 + 2*w + 2. Calculate b(-1).
-57
Let z(j) = -j**3 + 3*j**2 + 3*j - 9. Ca